104. Suppose i = 4*u - j. Is 11 a factor of u?
True
Let d be 27 - (0 + (-3)/(-3)). Let t = d + -16. Does 3 divide t?
False
Let a = -2 + 2. Suppose 23 = 5*c + g, a = 5*c + 4*g - 23 + 6. Suppose -c*l = 2 - 22. Is 2 a factor of l?
True
Let g be 2/4 + 4/(-8). Let c = g - -13. Is c a multiple of 5?
False
Let w(i) = 5*i**2 + 6*i + 5. Is 23 a factor of w(-3)?
False
Suppose 11 = -2*v + 31. Is v a multiple of 5?
True
Let t = 51 + -38. Does 13 divide t?
True
Let y(b) = -b**3 - 8*b**2 - 5*b - 17. Is y(-8) even?
False
Let z be (-9)/(-6) + 2/4. Suppose -2*p - z*p + 40 = 0. Is 5 a factor of p?
True
Suppose 0 = -4*z + 1173 + 683. Is z a multiple of 16?
True
Let p(v) = -5*v**2 + 4*v. Let n be p(5). Is ((-8)/20)/(1/n) a multiple of 14?
True
Let u = 23 - 20. Suppose 14 = g - u*l, l = -2*l - 6. Is g a multiple of 4?
True
Suppose -g + 0*g + 4*f + 38 = 0, 87 = 2*g + 3*f. Let b = -12 + g. Does 16 divide b?
False
Suppose -3*c = -6*c + 4*l + 49, -4*c + 55 = 5*l. Does 6 divide c?
False
Let z(q) = -q + 1. Let c be z(-3). Suppose c*f - 8 = -5*l + 79, -4 = 2*f. Does 6 divide l?
False
Suppose 5*k - 2*k - 277 = -4*f, 352 = 4*k + f. Does 36 divide k?
False
Suppose -b - 4*b = -140. Suppose 3*r + 4 = b. Suppose 3*l - 88 = r. Is 16 a factor of l?
True
Let z(m) = -3*m**3 - 2*m**2 - m. Let y be z(-1). Let p(k) = -3*k + 4*k + 0*k**2 + y - 42*k**3 - 1 - k**2. Is 15 a factor of p(-1)?
False
Is 6/27*6*(61 - -5) a multiple of 11?
True
Suppose -5*w = -2*o - 66, -o = -5*w - 2*o + 57. Does 12 divide w?
True
Let d(c) = c**2 - 2*c. Does 12 divide d(6)?
True
Let w be (-3)/(-12) + (-630)/(-8). Suppose 5*h - 101 = -4*v, 2*h + 2*h + 5*v - w = 0. Is h a multiple of 7?
True
Let i = -6 - -11. Let y(d) = d**3 - 4*d**2 + 2*d - 4. Does 16 divide y(i)?
False
Let c(u) = -u**3 + 6*u**2 - 6*u + 6. Suppose 5*r - r - 16 = 0. Does 6 divide c(r)?
False
Suppose -5*y = 4*r + 20 + 3, -3*r - 16 = 5*y. Is 15 a factor of (r/(-14))/(2/128)?
False
Let u be (-1 + 7)/((-4)/(-26)). Let p = u - 26. Suppose -5*t + 5*m = -120, -4*m + p = -2*t + 63. Does 14 divide t?
False
Suppose -2*t = -3*g - 6, -3*g + 3 = 2*g + t. Suppose -2*p + 19 = 3*d, -p + g*d = 2*d - 12. Suppose -5*x + 64 = -4*r, -2*x - p*r = 2*r - 48. Is 8 a factor of x?
True
Let o(y) = 2*y**2 - 2*y - 4*y + 5*y - 4. Is o(-3) a multiple of 7?
False
Suppose -3*r - m - 12 = 2*m, -3*m = -5*r + 12. Suppose r = -2*n + 12 + 2. Does 3 divide n?
False
Let b = -51 + 93. Does 21 divide b?
True
Suppose -3*j - 2*q + 1233 = 51, -3*j + 2*q = -1182. Suppose 160 - j = -3*i. Suppose -l + i = l. Does 10 divide l?
False
Let s = 401 + -273. Is 33 a factor of s?
False
Let p(f) = -3*f + 12*f**2 + f + 1 + 6*f**2. Is p(1) a multiple of 6?
False
Suppose 4*u = 3*u + 5. Suppose -4*s + 26 + 88 = 5*y, 0 = 5*s - u. Is 10 a factor of y?
False
Suppose -3*v - 60 = -h, -5 - 7 = 3*v. Suppose 5*g = 7*g - h. Is 8 a factor of g?
True
Let i(a) = 3*a + 3. Is 10 a factor of i(9)?
True
Suppose -3*s + 60 = 5*d - 2*d, 0 = -2*s - 4*d + 36. Suppose 4*x = 3*i + s, i - 6 = -x - x. Does 4 divide x?
True
Let w = 46 + -68. Let d = w + 36. Let r = d + -9. Is 3 a factor of r?
False
Let k(f) = 2*f**2 - 13*f - 3. Is 12 a factor of k(8)?
False
Suppose -3*n + w + 294 = -80, 0 = -4*w - 20. Suppose 5*c + 5*o - 62 = n, c - 37 = 4*o. Does 10 divide c?
False
Suppose 27*d = 33*d - 336. Is d a multiple of 8?
True
Suppose -71 = -q + 27. Is 14 a factor of q?
True
Let g = -51 - -32. Let s = -1 - g. Is 4 a factor of (-3)/6 + s/4?
True
Let c(k) = 4*k**2 - 8*k - 16. Let x be c(7). Let v = 210 - x. Does 22 divide v?
False
Suppose 11 = -5*t + 3*a, -5*t + 7*a - 5 = 2*a. Let w be 3/((-1)/t + -1). Is 2 a factor of (-2)/w*0 + 4?
True
Let r = -14 + 19. Suppose -r*f = -19 - 6. Does 2 divide f?
False
Let s = -67 + 155. Suppose o = -2*c + 30, -5*c + 2*o = 4 - s. Is 9 a factor of c?
False
Let c = 5 - 0. Is 51/(c - 2) + 2 a multiple of 16?
False
Is 2 a factor of (1 - -2)*(36 - 19)?
False
Let o = 25 + 7. Does 14 divide o?
False
Suppose w - 44 = -w. Suppose y - w = 4*s, y + 3*s - 4 = -2*s. Suppose -p - 4 = 0, -4*r - y + 162 = 2*p. Does 13 divide r?
True
Suppose -c + 10 = 3*s, -4*s - 4 = 4*c - 28. Suppose 2*g = -4*k - 16 + 54, -5*g = s*k - 23. Let p = 0 + k. Is 4 a factor of p?
False
Suppose -7*s - 16 = -11*s. Suppose 8*z - 24 = s*z. Is 3 a factor of z?
True
Let b(v) = -v + 3. Suppose s + 3*f = -1, 3*f = -4*s + 7*f + 12. Suppose -13 = s*t + 3. Does 11 divide b(t)?
True
Let l = 34 - 6. Is 28 a factor of l?
True
Suppose -4*k + 26 = -2*f, 5*k - f = k + 31. Is 2 a factor of k?
False
Suppose -5*w = -42 - 3. Suppose d + 3*l - 24 - w = 0, 2*d = -4*l + 66. Is d a multiple of 11?
True
Let k(f) = f + 3. Let n be k(4). Let r = n - 3. Is 4 a factor of r?
True
Suppose 9*h - 4*h - 915 = 0. Does 21 divide h?
False
Let w = 45 + -27. Let d = -1 + w. Is 9 a factor of d?
False
Let o(i) = -224*i**3 - i. Let g be o(-1). Is 2/(-3)*g/(-10) a multiple of 15?
True
Let r(o) = 7*o**2 + 3*o - 5. Is r(-6) a multiple of 17?
False
Suppose p = -4*p + 240. Is 11 a factor of p?
False
Let y(t) = 2*t**2 + 5*t + 14. Let s = -7 + 1. Does 14 divide y(s)?
True
Let r(z) = -8*z - 1. Suppose 10 = -5*k - 0. Let j be r(k). Is 14 a factor of (1 + -2)/((-1)/j)?
False
Let h be ((-6)/(-8))/((-2)/(-232)). Let s = h - 27. Suppose 2*w - s = -12. Does 12 divide w?
True
Let k be (24/(-30))/(2/(-20)). Let l be 78/24 + (-2)/k. Suppose -2*r - 7 + 33 = l*m, 0 = -4*m. Is 4 a factor of r?
False
Suppose 3*l + 2*h - 32 = 163, 0 = 5*h. Suppose 5*k - 5*c - 115 = 0, 29 = 4*k - 5*c - l. Is k a multiple of 13?
False
Let b(s) = 6*s**2 - 4*s + 4. Does 16 divide b(4)?
False
Let z = -255 - -357. Is 51 a factor of z?
True
Let o(g) = -2*g**2 + 4*g - 2. Let x = -5 + 10. Let s be o(x). Let u = s - -53. Does 9 divide u?
False
Let i be (-99)/(-22) - (-1)/2. Suppose 0 = -2*r + 2*j + 82, -i = -j - 3. Does 12 divide r?
False
Let u(v) = 5 - 6*v - v**2 - v + v. Let f = 10 + -15. Is 10 a factor of u(f)?
True
Let a(q) = -q**2 - q + 33. Let p be a(0). Suppose p - 7 = t. Suppose h - y - t = 0, 2*h = 3*y - 22 + 70. Does 15 divide h?
True
Is ((-2)/(-4))/(-5 - (-61)/12) a multiple of 3?
True
Let f = 13 - 5. Let g(u) = u**3 - 3*u**2 - 2*u + 4. Let y be g(3). Let h = f + y. Does 3 divide h?
True
Let n(t) = t**3 - 32*t**2 + 21*t**2 + 9 + 6*t + 4*t + 4. Suppose -2*j = -4*r + 48, -1 = 2*j + 7. Is 13 a factor of n(r)?
True
Let z(s) = -s - 3. Let j be z(-3). Suppose -5*n + 216 + 24 = j. Does 16 divide n?
True
Let a = 33 - 21. Is a a multiple of 3?
True
Let l(w) = w**3 - 3*w**2 - 3*w - 7. Let i be l(7). Suppose -i = -4*g - 0*g. Is 21 a factor of g?
True
Let z = 7 - 9. Let t(s) = -25*s. Is 25 a factor of t(z)?
True
Let y(k) = -14*k - 3. Let a(b) = -27*b - 5. Let j(h) = 4*a(h) - 7*y(h). Is j(-2) a multiple of 7?
True
Let i(s) = 11*s + 3. Is i(3) a multiple of 6?
True
Suppose -3*u - 80 = -q, -2*q + 3*q - 80 = -2*u. Is q a multiple of 14?
False
Let y be (-1)/(3/(-111) - 0). Suppose 4*j - y = 79. Is 14 a factor of j?
False
Suppose 3*j - 1 = 8. Suppose 0 = 3*n - 3*o + 15, j*n - 6*n - 21 = 3*o. Let q(i) = -2*i + 1. Does 13 divide q(n)?
True
Let k = 55 - 33. Suppose 98 + k = 4*d. Is d a multiple of 10?
True
Suppose -4*m + 3*i + 1 = -0*m, 0 = -3*m - 2*i + 5. Let k = m + 2. Does 11 divide -50*k/(-6)*1?
False
Let v(b) = 3*b**2 + b + 1. Let f(l) = -l**2 + l - 1. Let t(a) = 4*f(a) + v(a). Let y be t(4). Is 7 a factor of y - (2/2 - 15)?
False
Suppose -v - 3*y + 123 = 0, v + 153 = 2*v - 3*y. Suppose v = t + 2*t. Is t a multiple of 14?
False
Let q(g) = 3*g**2 + 2*g - 1. Is q(-4) a multiple of 39?
True
Let c(i) = -6*i + 6. Does 20 divide c(-9)?
True
Does 23 divide ((-8 - 2) + 1)*(3 - 20)?
False
Let b = -221 + 122. Suppose -3*m + 3*r - 187 = r, r = -1. Let o = m - b. Is 18 a factor of o?
True
Let w = 8 - 14. Does 18 divide (-3)/w + (-238)/(-4)?
False
Let f = 12 + -20. Let n(h) = -5*h - 1. Is 13 a factor of n(f)?
True
Let a = 21 - 16. Suppose 4*k = -a*r + 239, 3*k = 5*k - 4*r - 152. Is 22 a factor of k?
True
Let z = 3 - 1. Suppose -4*f - 3*a - 3 = 0, -5*a - 4 - 27 = -z*f. Is (-70)/(-6) - (-1)/f a multiple of 12?
True
Suppose 3*n = -3*n + 54. Is 7 a factor of n?
False
Does 35 divide (1 - (-4 - -4))*3*118?
False
Let z(t) = -31*t**3 - t**2 - 4*t + 3. Is z(-2) a multiple of 15?
True
Let b(h) = 3*h**3 + 2*h**2 - 2*h + 1. Let z be b(1). Suppose 3*c - 12 = 0, -z